se
Is 290 a factor of 304417930?
True
Is 2098 a factor of 147484168?
False
Is 4956 a factor of 102826742?
False
Does 142 divide 193957658?
True
Is 110332399 a multiple of 717?
False
Is 12 a factor of 549340723?
False
Does 152 divide 20889873?
False
Is 199 a factor of 689445559?
False
Is 7 a factor of 14316880?
False
Is 242 a factor of 39502916?
False
Does 2139 divide 961127565?
True
Is 53 a factor of 1258765470?
False
Is 69654468 a multiple of 12?
True
Is 168 a factor of 16614024?
True
Is 3 a factor of 193658682?
True
Is 477070663 a multiple of 8?
False
Is 26 a factor of 1315342314?
True
Is 672538405 a multiple of 6?
False
Is 1861714822 a multiple of 22?
True
Is 22 a factor of 213502476?
True
Is 518 a factor of 5680723?
False
Does 8304 divide 924928248?
False
Is 12521300 a multiple of 110?
True
Is 919864028 a multiple of 5314?
True
Is 46 a factor of 30504812?
False
Does 4209 divide 2478713772?
True
Does 14 divide 1244161451?
False
Is 2204585595 a multiple of 34?
False
Does 18 divide 2814822?
True
Is 19355975 a multiple of 544?
False
Is 1683941 a multiple of 163?
False
Is 1063673 a multiple of 878?
False
Does 69 divide 125274744?
True
Is 1713 a factor of 1507307459?
False
Does 6516 divide 690631526?
False
Is 167966074 a multiple of 409?
False
Is 1701 a factor of 72534033?
False
Does 77 divide 274930272?
False
Does 13 divide 70288777?
True
Is 177051732 a multiple of 132?
True
Does 839 divide 440631289?
False
Does 278 divide 35057746?
True
Is 87368656 a multiple of 8?
True
Does 361 divide 104145973?
True
Does 24 divide 36373744?
False
Does 16 divide 2230262989?
False
Does 34 divide 1224394580?
False
Does 5485 divide 579620930?
False
Does 76 divide 103448017?
False
Is 71690262 a multiple of 71?
True
Is 1295 a factor of 4839367618?
False
Is 2059724530 a multiple of 1270?
False
Is 30 a factor of 21104859?
False
Does 1133 divide 110090211?
True
Is 10454517 a multiple of 8?
False
Does 86 divide 191845360?
True
Is 14646786 a multiple of 647?
True
Does 1072 divide 35379959?
False
Is 3020 a factor of 83527160?
True
Is 32 a factor of 6838514496?
True
Is 383 a factor of 139024404?
True
Is 462894528 a multiple of 16?
True
Is 27 a factor of 16908788?
False
Is 145868068 a multiple of 883?
True
Does 5 divide 15156535?
True
Does 406 divide 28497140?
True
Is 131 a factor of 138590321?
False
Is 21713292 a multiple of 18?
True
Does 13 divide 5250765?
True
Does 935 divide 22394885?
False
Is 697 a factor of 10648554?
False
Does 1465 divide 50277335?
True
Is 1806 a factor of 466686654?
True
Is 402250038 a multiple of 99?
False
Does 12 divide 84500656?
False
Does 162 divide 1588916736?
True
Is 37159914 a multiple of 10?
False
Is 360886967 a multiple of 24?
False
Is 4905303 a multiple of 3?
True
Is 29340305 a multiple of 18?
False
Does 4 divide 19243208?
True
Does 33 divide 4166358339?
True
Does 69 divide 1243137603?
True
Is 303095001 a multiple of 33?
True
Is 3956780296 a multiple of 56?
True
Is 7 a factor of 13394667?
False
Is 1587514388 a multiple of 6387?
False
Is 1043 a factor of 84427721?
True
Is 119874 a multiple of 18?
False
Is 20 a factor of 14739602?
False
Does 9 divide 1909652?
False
Does 4317 divide 2796245378?
False
Is 46925321 a multiple of 12?
False
Does 18 divide 124051230?
True
Is 19 a factor of 4217373?
True
Is 108142815 a multiple of 33?
True
Is 5995676 a multiple of 4?
True
Is 1233156586 a multiple of 11?
False
Is 4698656 a multiple of 73?
False
Is 1519 a factor of 165626891?
False
Does 21 divide 121501779?
True
Is 33 a factor of 96168371?
False
Is 372433161 a multiple of 993?
False
Is 7160160 a multiple of 346?
False
Is 100 a factor of 11218451?
False
Is 1122 a factor of 1006063740?
True
Is 465 a factor of 28347795?
True
Does 29 divide 747446?
True
Is 288 a factor of 274310784?
True
Is 19174122 a multiple of 99?
True
Is 20 a factor of 3111180?
True
Is 171654900 a multiple of 300?
True
Is 554 a factor of 28955494?
False
Does 337 divide 908609627?
True
Does 6 divide 4714188?
True
Is 102211530 a multiple of 8?
False
Does 34 divide 111966198?
False
Is 10423536 a multiple of 12?
True
Is 194 a factor of 15087637?
False
Is 165 a factor of 289072086?
False
Is 80320629 a multiple of 54?
False
Does 816 divide 75127488?
True
Is 8 a factor of 527169224?
True
Does 789 divide 596937675?
True
Is 1344008913 a multiple of 61?
True
Is 374319528 a multiple of 132?
True
Does 17 divide 165548380?
True
Is 103 a factor of 28287428?
False
Is 52 a factor of 13065364?
True
Is 32215991 a multiple of 10?
False
Is 16 a factor of 98597424?
True
Is 174283838 a multiple of 37?
True
Does 15 divide 466560975?
True
Is 1311 a factor of 3261893687?
False
Does 385 divide 2338490?
True
Is 6139306 a multiple of 467?
False
Is 10206043 a multiple of 37?
True
Is 8 a factor of 970934640?
True
Is 1632175622 a multiple of 203?
True
Is 10 a factor of 354903580?
True
Is 71614756 a multiple of 359?
True
Is 20110800 a multiple of 25?
True
Is 35 a factor of 169810157?
False
Does 9 divide 1733495425?
False
Is 3078 a factor of 12387729?
False
Does 24 divide 177304224?
True
Does 44 divide 977088?
False
Does 765 divide 38708433?
False
Is 469 a factor of 134910664?
True
Does 27 divide 377142075?
True
Does 6 divide 434244815?
False
Is 246351896 a multiple of 476?
True
Is 5333528 a multiple of 152?
True
Does 38 divide 2731660968?
False
Is 39 a factor of 176905677?
True
Is 202157771 a multiple of 20?
False
Does 10 divide 27025255?
False
Is 52 a factor of 1352330549?
False
Does 9 divide 307612809?
True
Is 3121 a factor of 2282027?
False
Is 6507878 a multiple of 41?
False
Is 4445 a factor of 2185752?
False
Does 398 divide 218874859?
False
Is 15 a factor of 75315555?
True
Is 22 a factor of 18041496?
True
Is 18 a factor of 49344480?
True
Is 1384540900 a multiple of 20?
True
Is 71 a factor of 4171321?
True
Is 3998553 a multiple of 2?
False
Is 3107 a factor of 1372125768?
True
Is 126 a factor of 67614391?
False
Does 1874 divide 3171209978?
False
Is 29796897 a multiple of 507?
True
Does 64 divide 28229505?
False
Does 298 divide 64753910?
True
Is 69 a factor of 87504896?
False
Does 7 divide 425245121?
True
Is 10559531 a multiple of 399?
False
Is 904 a factor of 919600795?
False
Does 104 divide 34392928?
False
Does 9 divide 905405387?
False
Does 11 divide 189718708?
False
Is 714346213 a multiple of 6654?
False
Is 369 a factor of 61829271?
True
Does 284 divide 1099037491?
False
Is 10 a factor of 422198880?
True
Is 271184337 a multiple of 33?
False
Is 10 a factor of 481941870?
True
Does 3215 divide 39574911?
False
Is 36646710 a multiple of 15?
True
Is 32 a factor of 330819679?
False
Is 21 a factor of 1375997?
False
Is 160417620 a multiple of 18?
True
Is 82 a factor of 97762624?
False
Is 6 a factor of 19090303?
False
Does 1606 divide 2770746089?
False
Does 158 divide 188092680?
True
Is 366 a factor of 162837151?
False
Is 5426260 a multiple of 49?
True
Is 1031 a factor of 9677997?
True
Does 5 divide 2817385?
True
Is 14190584 a multiple of 249?
False
Is 90895700 a multiple of 50?
True
Is 1119244268 a multiple of 574?
False
Does 24 divide 35483832?
True
Is 3595361700 a multiple of 42?
True
Is 16 a factor of 48822905?
False
Is 2264266092 a multiple of 7?
False
Is 8 a factor of 2304108385?
False
Does 3094 divide 79633372?
True
Does 7 divide 225884987?
False
Does 1223 divide 84512708?
False
Is 284355136 a multiple of 16?
True
Is 177 a factor of 41735715?
True
Does 9 divide 26378418?
False
Does 473 divide 69788036?
False
Is 1467 a factor of 1225591947?
True
Is 7 a factor of 272244543?
False
Is 5319 a factor of 384155568?
False
Does 398 divide 5673092?
True
Is 12 a factor of 3923340?
True
Is 1814926 a multiple of 178?
False
Is 45149268 a multiple of 12?
True
Is 3440448281 a multiple of 101?
False
Does 10 divide 13156617?
False
Does 92 divide 421802612?
True
Is 21 a factor of 208000926?
True
Does 12 divide 1469747834?
False
Is 612769633 a multiple of 13?
False
Is 43037040 a multiple of 11?
False
Is 1050339271 a multiple of 536?
False
Is 409 a factor of 1762818?
False
Is 222 a factor of 490083204?
True
Is 71 a factor of 28224618?
False
Is 117862693 a multiple of 21?
False
Is 1704127975 a multiple of 25?
True
Does 64 divide 450848083?
False
Is 892065435 a multiple of 463?
False
Is 3 a factor of 17451582?
True
Does 830 divid